*d + 5*a - 389 = 0. Calculate the remainder when d is divided by 101.
96
Suppose -n - 16 = -51. Calculate the remainder when 64 is divided by n.
29
Suppose 275 = 3*c - r, -17*c + 5*r = -18*c + 81. Calculate the remainder when 447 is divided by c.
83
Let k(b) = b**2 + 2*b - 76. Suppose -3*h + 2*m + 9 = 2, 5*m = -4*h + 17. Calculate the remainder when k(8) is divided by h.
1
Let a = 463 - 460. Calculate the remainder when 7 is divided by a.
1
Suppose 0 = 6*u - 4*u - 4. Suppose -u*b = 10, -2*b = 3*j - 0*b - 62. What is the remainder when 92 is divided by j?
20
Suppose -u - 2*b + 14 = 0, -b = -3*u - 2*u + 59. Let d = -2 + u. What is the remainder when ((-3)/(-3))/((-4)/(-116)) is divided by d?
9
Let f(n) = 2*n**3 - 8*n**2 + 4*n - 3. Suppose 3*o = 5*o - 200. Calculate the remainder when o is divided by f(4).
9
Let f(h) = -34*h - 12. Let w be f(-4). Suppose -g + w = 3*g. What is the remainder when g is divided by 8?
7
Suppose 252*r = 249*r + 6. What is the remainder when 45 is divided by r?
1
Calculate the remainder when (3 + (-45)/27)*2817/12 is divided by 64.
57
Suppose -9*t + 0 + 324 = 0. Calculate the remainder when 107 is divided by t.
35
Let u = 26 + 24. Let h(f) = 12*f**2 - 99*f + 43. Calculate the remainder when u is divided by h(8).
12
Let u(p) = p**3 - 2*p**2 - 2*p - 10. Suppose -24 = m - 119. Calculate the remainder when m is divided by u(4).
11
Let m be (-6*9/4)/((-1)/(-6)). Let z = m - -109. Calculate the remainder when z is divided by 11.
6
Let a(b) = 6*b**2 - 99*b - 11. What is the remainder when a(18) is divided by 9?
7
Let z(b) = 4*b + 58. Calculate the remainder when z(-11) is divided by 5.
4
Suppose 0 = -11*p - 5*p + 512. What is the remainder when 188 is divided by p?
28
What is the remainder when 131 is divided by 3 + 2/4*(-5 + 37)?
17
Let w(k) = -2*k**2 - 24*k + 98. Calculate the remainder when 124 is divided by w(-14).
40
Calculate the remainder when 454 is divided by 189/5 + (306/(-85))/(-18).
36
Let v(x) = -x - 1. Calculate the remainder when ((-44)/(-6))/(300/450) is divided by v(-5).
3
Suppose -22*q + 20*q + 192 = 0. What is the remainder when 667 is divided by q?
91
Let j(u) be the second derivative of 19*u**3/3 - 3*u**2 - 17*u. What is the remainder when j(1) is divided by 7?
4
Suppose 0 = 5*v + 11 + 4. Let m(p) = -5*p + 1. What is the remainder when m(v) is divided by -2 + -6*4/(-3)?
4
Suppose -5*a - a + 414 = 0. Suppose 0*c = -3*c + o + 114, 5*c - 4*o = 197. What is the remainder when a is divided by c?
32
Suppose 0 = 11*g - 256 + 234. Let w = 10 - 5. What is the remainder when w is divided by g?
1
Let t = -5 - -4. Let q = 39 - 27. Let u = q - t. Calculate the remainder when 36 is divided by u.
10
Suppose 266 = 13*s + 162. What is the remainder when 46 is divided by s?
6
Suppose 94*u + 704 = 98*u. Calculate the remainder when u is divided by 37.
28
Suppose 0 = -5*b + 3*m + 19, 4*b - m + 5 = 8*b. Suppose -3*a = -8*a - b*i + 59, 0 = -2*i - 6. Calculate the remainder when 25 is divided by a.
12
Let v be 168/16*12/7. What is the remainder when (-3)/18 + 1263/v is divided by 25?
20
Suppose -13*w + 6903 - 2379 = 0. What is the remainder when w is divided by 9?
6
Suppose k - 16 = -3*k. Suppose -k*u + 2*j = -8, 4 = 3*u - 4*j + 3. Suppose -u*x + 1 = 16, -r - x + 56 = 0. Calculate the remainder when r is divided by 16.
13
Suppose 774 = 5*p + 549. Calculate the remainder when 305 is divided by p.
35
Let d be (-4)/3*21/(-28)*5. Suppose 4*r + d*x + 5 - 62 = 0, 2*r - 31 = -3*x. Calculate the remainder when 21 is divided by r.
5
Suppose -10 - 14 = -4*d + 4*k, 0 = 3*d + 3*k - 48. Suppose -513 - 2565 = -57*u. Calculate the remainder when u is divided by d.
10
Let q(d) = d**3 - 7*d**2 + 4*d - 6. Let l = -87 + 152. Calculate the remainder when l is divided by q(7).
21
Suppose 205 = 5*p - 270. Suppose 0 = 3*x - m + 1, 2*x = -2*m - 3*m + 5. Suppose x*r = -5*r + 120. Calculate the remainder when p is divided by r.
23
Let v(n) = 20*n + 9. Let t be ((-18)/(-3) - 4)/(-4)*-4. Calculate the remainder when v(t) is divided by 13.
10
Let c(g) = 2*g + 17. Let w be 4 - (-3 + 7 - 6). What is the remainder when c(w) is divided by ((-18)/12)/(3/(-16))?
5
Let z be (-2)/3*153/(-2). Let w = z + -23. Let l = -83 - -193. Calculate the remainder when l is divided by w.
26
Let v(j) = j**3 - 6*j**2 + 3*j - 7. Let f be v(4). Let x = 78 + f. Calculate the remainder when x is divided by 26.
25
What is the remainder when (-12)/(-32) - 12456/(-64) is divided by 53?
36
Let h be (13/13)/(2/8). Suppose p = -4*k + 40, -k + 92 = h*p - 2*k. What is the remainder when p is divided by 13?
11
Suppose -110 = 4*j - 9*j. Suppose j + 26 = 3*c. What is the remainder when 4/(-1)*(725/(-20))/5 is divided by c?
13
Suppose -36 = -3*g - 2*j, -4*j + 7*j = -2*g + 24. Suppose 0 = 2*x + 5*v - 41, 38 = 2*x + 3*v + 7. Calculate the remainder when g is divided by x.
4
Let w = -5600 + 5614. Let y = 17 - 11. Calculate the remainder when w is divided by y.
2
Calculate the remainder when 713 is divided by 70/(-4)*(-228)/95.
41
Suppose 4*f + 4*k = 300, -f + 3*k - 30 = -89. What is the remainder when f is divided by 2?
1
Suppose 2*i - 176 = 352. Suppose -3*x = -z - 136 - 57, 0 = -4*x + 3*z + i. Calculate the remainder when x is divided by 13.
11
Suppose -8*n = -10*n + 108. Suppose -4*o = -0*o - 76. Calculate the remainder when n is divided by o.
16
Let c = 579 - 558. Suppose -87 + 15 = -6*v. Calculate the remainder when c is divided by v.
9
Suppose g + 6*r = r + 83, -r = -3*g + 201. Let y = -61 + g. Calculate the remainder when y is divided by 3.
1
Suppose -60*h - 238 + 1498 = 0. What is the remainder when h is divided by 8?
5
Let n = 9 - 2. Let j(v) = -2*v**3 + 14*v**2 + 15*v + 10. Let t be j(8). What is the remainder when (14 + -5)*6/t is divided by n?
6
Let x be -1 - (-6 + -2 + 2). Suppose 4*k - g = 3*g + 24, -4*k + 28 = -2*g. Calculate the remainder when k is divided by (-3)/(-9) - x/(-3).
0
Suppose -22*g + 910 + 212 = 0. Calculate the remainder when 189 is divided by g.
36
Let j(c) = 2*c - 23. Let p be j(9). What is the remainder when -1 - 10/p - (0 + -36) is divided by (4 - 2)/(2/20)?
17
Suppose 0 = -24*z + 25*z. Let c(g) = -g**3 + 2*g**2 - g + 3. What is the remainder when 5 is divided by c(z)?
2
Let j be ((-18)/15)/(16/(-200)). Suppose -7*v = -4*v - j. Calculate the remainder when v is divided by 4.
1
Suppose 0*l = -4*l - 3*j + 33, 0 = -2*l - j + 19. Suppose -k + 21 = -14. What is the remainder when k is divided by l?
11
Suppose -3*z - 9 = -21. Suppose 4*b + z*i - 42 = 10, 0 = 2*b - 2*i - 30. Calculate the remainder when 54 is divided by b.
12
Let s = -338 - -492. What is the remainder when s is divided by 39?
37
Let b = 2469 + -2446. Calculate the remainder when 963 is divided by b.
20
Suppose 153*x - 155*x = -36. What is the remainder when 411 is divided by x?
15
Suppose 0 = -4*c + 469 + 51. Suppose 44 + 88 = 4*s. Calculate the remainder when c is divided by s.
31
Let m(l) = -393*l + 267. What is the remainder when m(-2) is divided by 8?
5
Let s = 58 - 46. What is the remainder when 26 is divided by s?
2
Let k(i) = -i**3 - i**2 - i + 46. Let x be k(0). Let o = x + -33. Suppose -2*m + o = -15. Calculate the remainder when m is divided by 5.
4
Suppose 0 = -24*u + 29*u - 20. Suppose -4*d = -4*z - 124, 0 = -0*d - d - u*z + 16. What is the remainder when 55 is divided by d?
27
Let h = 169 + -28. Let p = -115 + h. Calculate the remainder when 48 is divided by p.
22
Suppose 0 = -2*k + 13*k - 759. Suppose 0*a - 3*v = -a + 31, -2*a + k = v. Calculate the remainder when 64 is divided by a.
30
Let n(k) = 7*k**3 - k**2 - k. Let g be n(-1). Let p(m) = 7*m + 70. Calculate the remainder when p(-8) is divided by g/14 - (-22)/4.
4
Calculate the remainder when (-1 - -168)/(2/2) is divided by (-411)/(-12) - (36/16 - 2).
31
Suppose -258 - 12 = -6*a. What is the remainder when 358 is divided by a?
43
Let r(s) = -s - 4*s - 2*s**2 + s**3 - 3*s + 2*s + 3. What is the remainder when 42 is divided by r(4)?
9
Let p(m) = m**3 + 14*m**2 + 37*m - 8. What is the remainder when 82 is divided by p(-10)?
16
Let k(d) = 4*d - 135. Calculate the remainder when 19 is divided by k(36).
1
Suppose -609 = -3*o - 81. Suppose 1470 = 92*u - 1842. What is the remainder when o is divided by u?
32
Suppose -3*y + 5*c = -33, 3*c + 